{"id":57,"date":"2021-04-09T10:24:06","date_gmt":"2021-04-09T08:24:06","guid":{"rendered":"https:\/\/amamantra.com\/?page_id=57"},"modified":"2023-03-06T22:40:43","modified_gmt":"2023-03-06T21:40:43","slug":"amamantra-pour-mamans","status":"publish","type":"page","link":"https:\/\/amamantra.com\/vetement-femme-allaitante\/amamantra-pour-mamans\/","title":{"rendered":"Amamantra c\u2019est\u2026"},"content":{"rendered":"\n\n\t<h2>Je suis Pauline, la fondatrice de la marque.<\/h2>\n<p>&nbsp;<\/p>\n<p>Je suis femme, compagne, entrepreneuse, maman trois jeunes enfants et allaitante.<\/p>\n<p>J&#8217;ai 30 ans, je suis Franco-colombienne, n\u00e9e \u00e0 Bogota en Colombie et adopt\u00e9e, vous comprendrez donc mon attachement pour la Colombie et l&#8217;Am\u00e9rique Latine en g\u00e9n\u00e9ral. Je suis passionn\u00e9e par l&#8217;allaitement et plus largement par la maternit\u00e9 disons m\u00eame la p\u00e9rinatalit\u00e9; d&#8217;o\u00f9 mon id\u00e9e de d\u00e9velopper la fonctionnalit\u00e9 d&#8217;un <strong>v\u00eatement d&#8217;allaitement<\/strong>. J&#8217;ai cr\u00e9\u00e9 et me passionne pour cette marque qui me tient beaucoup \u00e0 coeur. J&#8217;esp\u00e8re que vous retrouverez un peu de mon amour dans chacun des v\u00eatements Amamantra.<\/p>\n\t<p><img loading=\"lazy\" decoding=\"async\" src=\"https:\/\/amamantra.com\/wp-content\/uploads\/2021\/04\/feuille.svg\" alt=\"\" width=\"30\" height=\"44\" \/><\/p>\n\t\t\t\t<img loading=\"lazy\" decoding=\"async\" src=\"https:\/\/amamantra.com\/wp-content\/uploads\/2021\/04\/pauline-babilotte.jpg\" alt=\"pauline-babilotte\" itemprop=\"image\" height=\"481\" width=\"754\" title=\"pauline-babilotte\" onerror=\"this.style.display='none'\"  \/>\n\t<h2>L&#8217;origine d&#8217;amamantra<\/h2>\n<p>&nbsp;<\/p>\n<strong>Amamantar signifie allaiter espagnol,<\/strong><br \/>\nIl y avait le mot \u00ab\u00a0<strong>maman<\/strong>\u00a0\u00bb qui forc\u00e9ment \u00e9tait en lien direct avec la marque puisque mon produit leurs est destin\u00e9.<br \/>\nMon fr\u00e8re Luis qui est mon graphiste et m&#8217;a beaucoup \u00e9paul\u00e9e sur ce projet, s&#8217;est tromp\u00e9 sur l&#8217;\u00e9criture du nom sur l&#8217;un de ses croquis, au d\u00e9but de l&#8217;aventure. Le nom \u00e9tait plus doux, plus facilement pronon\u00e7able.\n<p>&nbsp;<\/p>\n<p><strong>Mantra<\/strong> c&#8217;est \u00ab formule sacr\u00e9e dot\u00e9e d&#8217;un pouvoir spirituel \u00bb.<\/p>\n<strong>Ama<\/strong> = Aime +\u00a0<strong>Amamantar<\/strong> = Allaiter\u00a0 + \u00a0<strong>Maman\u00a0<\/strong> + \u00a0<strong>Mantra<br \/>\n<\/strong><br \/>\nCe nom peut se d\u00e9couper de bien des mani\u00e8res et c&#8217;est un m\u00e9lange qui sonne juste.\n\t\t\t\t<img loading=\"lazy\" decoding=\"async\" src=\"https:\/\/amamantra.com\/wp-content\/uploads\/2021\/04\/Logo-Picto.svg\" alt=\"Logo - Picto\" itemprop=\"image\" height=\"123\" width=\"61\" title=\"Logo - Picto\" onerror=\"this.style.display='none'\"  \/>\n\n","protected":false},"excerpt":{"rendered":"<p>Je suis Pauline, la fondatrice de la marque. &nbsp; Je suis femme, compagne, entrepreneuse, maman trois jeunes enfants et allaitante. J&#8217;ai 30 ans, je suis Franco-colombienne, n\u00e9e \u00e0 Bogota en Colombie et adopt\u00e9e, vous comprendrez donc mon attachement pour la Colombie et l&#8217;Am\u00e9rique Latine en g\u00e9n\u00e9ral. Je suis passionn\u00e9e par l&#8217;allaitement et plus largement par [&hellip;]<\/p>\n","protected":false},"author":1,"featured_media":0,"parent":401,"menu_order":2,"comment_status":"closed","ping_status":"closed","template":"","meta":{"_acf_changed":false,"inline_featured_image":false,"footnotes":""},"acf":[],"yoast_head":"<!-- This site is optimized with the Yoast SEO plugin v22.4 - https:\/\/yoast.com\/wordpress\/plugins\/seo\/ -->\n<title>L&#039;histoire d&#039;Amamantra par une maman allaitante<\/title>\n<meta name=\"description\" content=\"Amamantra est le constat que l\u2019allaitement a besoin d&#039;un v\u00eatement innovant; d\u2019o\u00f9 mon id\u00e9e de d\u00e9velopper cette marque \u00e9co-responsable\" \/>\n<meta name=\"robots\" content=\"index, follow, max-snippet:-1, max-image-preview:large, max-video-preview:-1\" \/>\n<link rel=\"canonical\" href=\"https:\/\/amamantra.com\/vetement-femme-allaitante\/amamantra-pour-mamans\/\" \/>\n<meta property=\"og:locale\" content=\"fr_FR\" \/>\n<meta property=\"og:type\" content=\"article\" \/>\n<meta property=\"og:title\" content=\"L&#039;histoire d&#039;Amamantra par une maman allaitante\" \/>\n<meta property=\"og:description\" content=\"Amamantra est le constat que l\u2019allaitement a besoin d&#039;un v\u00eatement innovant; d\u2019o\u00f9 mon id\u00e9e de d\u00e9velopper cette marque \u00e9co-responsable\" \/>\n<meta property=\"og:url\" content=\"https:\/\/amamantra.com\/vetement-femme-allaitante\/amamantra-pour-mamans\/\" \/>\n<meta property=\"og:site_name\" content=\"Amamantra\" \/>\n<meta property=\"article:modified_time\" content=\"2023-03-06T21:40:43+00:00\" \/>\n<meta property=\"og:image\" content=\"https:\/\/amamantra.com\/wp-content\/uploads\/2021\/04\/feuille.svg\" \/>\n<meta name=\"twitter:card\" content=\"summary_large_image\" \/>\n<meta name=\"twitter:label1\" content=\"Dur\u00e9e de lecture estim\u00e9e\" \/>\n\t<meta name=\"twitter:data1\" content=\"1 minute\" \/>\n<script type=\"application\/ld+json\" class=\"yoast-schema-graph\">{\"@context\":\"https:\/\/schema.org\",\"@graph\":[{\"@type\":\"WebPage\",\"@id\":\"https:\/\/amamantra.com\/vetement-femme-allaitante\/amamantra-pour-mamans\/\",\"url\":\"https:\/\/amamantra.com\/vetement-femme-allaitante\/amamantra-pour-mamans\/\",\"name\":\"L'histoire d'Amamantra par une maman allaitante\",\"isPartOf\":{\"@id\":\"https:\/\/amamantra.com\/#website\"},\"primaryImageOfPage\":{\"@id\":\"https:\/\/amamantra.com\/vetement-femme-allaitante\/amamantra-pour-mamans\/#primaryimage\"},\"image\":{\"@id\":\"https:\/\/amamantra.com\/vetement-femme-allaitante\/amamantra-pour-mamans\/#primaryimage\"},\"thumbnailUrl\":\"https:\/\/amamantra.com\/wp-content\/uploads\/2021\/04\/feuille.svg\",\"datePublished\":\"2021-04-09T08:24:06+00:00\",\"dateModified\":\"2023-03-06T21:40:43+00:00\",\"description\":\"Amamantra est le constat que l\u2019allaitement a besoin d'un v\u00eatement innovant; d\u2019o\u00f9 mon id\u00e9e de d\u00e9velopper cette marque \u00e9co-responsable\",\"breadcrumb\":{\"@id\":\"https:\/\/amamantra.com\/vetement-femme-allaitante\/amamantra-pour-mamans\/#breadcrumb\"},\"inLanguage\":\"fr-FR\",\"potentialAction\":[{\"@type\":\"ReadAction\",\"target\":[\"https:\/\/amamantra.com\/vetement-femme-allaitante\/amamantra-pour-mamans\/\"]}]},{\"@type\":\"ImageObject\",\"inLanguage\":\"fr-FR\",\"@id\":\"https:\/\/amamantra.com\/vetement-femme-allaitante\/amamantra-pour-mamans\/#primaryimage\",\"url\":\"https:\/\/amamantra.com\/wp-content\/uploads\/2021\/04\/feuille.svg\",\"contentUrl\":\"https:\/\/amamantra.com\/wp-content\/uploads\/2021\/04\/feuille.svg\",\"width\":30,\"height\":44},{\"@type\":\"BreadcrumbList\",\"@id\":\"https:\/\/amamantra.com\/vetement-femme-allaitante\/amamantra-pour-mamans\/#breadcrumb\",\"itemListElement\":[{\"@type\":\"ListItem\",\"position\":1,\"name\":\"Accueil\",\"item\":\"https:\/\/amamantra.com\/\"},{\"@type\":\"ListItem\",\"position\":2,\"name\":\"La marque\",\"item\":\"https:\/\/amamantra.com\/vetement-femme-allaitante\/\"},{\"@type\":\"ListItem\",\"position\":3,\"name\":\"Amamantra c\u2019est\u2026\"}]},{\"@type\":\"WebSite\",\"@id\":\"https:\/\/amamantra.com\/#website\",\"url\":\"https:\/\/amamantra.com\/\",\"name\":\"Amamantra\",\"description\":\"V\u00eatements de confort pour mamans allaitantes\",\"publisher\":{\"@id\":\"https:\/\/amamantra.com\/#organization\"},\"potentialAction\":[{\"@type\":\"SearchAction\",\"target\":{\"@type\":\"EntryPoint\",\"urlTemplate\":\"https:\/\/amamantra.com\/?s={search_term_string}\"},\"query-input\":\"required name=search_term_string\"}],\"inLanguage\":\"fr-FR\"},{\"@type\":\"Organization\",\"@id\":\"https:\/\/amamantra.com\/#organization\",\"name\":\"Amamantra\",\"url\":\"https:\/\/amamantra.com\/\",\"logo\":{\"@type\":\"ImageObject\",\"inLanguage\":\"fr-FR\",\"@id\":\"https:\/\/amamantra.com\/#\/schema\/logo\/image\/\",\"url\":\"https:\/\/amamantra.com\/wp-content\/uploads\/2021\/04\/logo-amamantra.jpg\",\"contentUrl\":\"https:\/\/amamantra.com\/wp-content\/uploads\/2021\/04\/logo-amamantra.jpg\",\"width\":313,\"height\":79,\"caption\":\"Amamantra\"},\"image\":{\"@id\":\"https:\/\/amamantra.com\/#\/schema\/logo\/image\/\"}}]}<\/script>\n<!-- \/ Yoast SEO plugin. -->","yoast_head_json":{"title":"L'histoire d'Amamantra par une maman allaitante","description":"Amamantra est le constat que l\u2019allaitement a besoin d'un v\u00eatement innovant; d\u2019o\u00f9 mon id\u00e9e de d\u00e9velopper cette marque \u00e9co-responsable","robots":{"index":"index","follow":"follow","max-snippet":"max-snippet:-1","max-image-preview":"max-image-preview:large","max-video-preview":"max-video-preview:-1"},"canonical":"https:\/\/amamantra.com\/vetement-femme-allaitante\/amamantra-pour-mamans\/","og_locale":"fr_FR","og_type":"article","og_title":"L'histoire d'Amamantra par une maman allaitante","og_description":"Amamantra est le constat que l\u2019allaitement a besoin d'un v\u00eatement innovant; d\u2019o\u00f9 mon id\u00e9e de d\u00e9velopper cette marque \u00e9co-responsable","og_url":"https:\/\/amamantra.com\/vetement-femme-allaitante\/amamantra-pour-mamans\/","og_site_name":"Amamantra","article_modified_time":"2023-03-06T21:40:43+00:00","og_image":[{"url":"https:\/\/amamantra.com\/wp-content\/uploads\/2021\/04\/feuille.svg"}],"twitter_card":"summary_large_image","twitter_misc":{"Dur\u00e9e de lecture estim\u00e9e":"1 minute"},"schema":{"@context":"https:\/\/schema.org","@graph":[{"@type":"WebPage","@id":"https:\/\/amamantra.com\/vetement-femme-allaitante\/amamantra-pour-mamans\/","url":"https:\/\/amamantra.com\/vetement-femme-allaitante\/amamantra-pour-mamans\/","name":"L'histoire d'Amamantra par une maman allaitante","isPartOf":{"@id":"https:\/\/amamantra.com\/#website"},"primaryImageOfPage":{"@id":"https:\/\/amamantra.com\/vetement-femme-allaitante\/amamantra-pour-mamans\/#primaryimage"},"image":{"@id":"https:\/\/amamantra.com\/vetement-femme-allaitante\/amamantra-pour-mamans\/#primaryimage"},"thumbnailUrl":"https:\/\/amamantra.com\/wp-content\/uploads\/2021\/04\/feuille.svg","datePublished":"2021-04-09T08:24:06+00:00","dateModified":"2023-03-06T21:40:43+00:00","description":"Amamantra est le constat que l\u2019allaitement a besoin d'un v\u00eatement innovant; d\u2019o\u00f9 mon id\u00e9e de d\u00e9velopper cette marque \u00e9co-responsable","breadcrumb":{"@id":"https:\/\/amamantra.com\/vetement-femme-allaitante\/amamantra-pour-mamans\/#breadcrumb"},"inLanguage":"fr-FR","potentialAction":[{"@type":"ReadAction","target":["https:\/\/amamantra.com\/vetement-femme-allaitante\/amamantra-pour-mamans\/"]}]},{"@type":"ImageObject","inLanguage":"fr-FR","@id":"https:\/\/amamantra.com\/vetement-femme-allaitante\/amamantra-pour-mamans\/#primaryimage","url":"https:\/\/amamantra.com\/wp-content\/uploads\/2021\/04\/feuille.svg","contentUrl":"https:\/\/amamantra.com\/wp-content\/uploads\/2021\/04\/feuille.svg","width":30,"height":44},{"@type":"BreadcrumbList","@id":"https:\/\/amamantra.com\/vetement-femme-allaitante\/amamantra-pour-mamans\/#breadcrumb","itemListElement":[{"@type":"ListItem","position":1,"name":"Accueil","item":"https:\/\/amamantra.com\/"},{"@type":"ListItem","position":2,"name":"La marque","item":"https:\/\/amamantra.com\/vetement-femme-allaitante\/"},{"@type":"ListItem","position":3,"name":"Amamantra c\u2019est\u2026"}]},{"@type":"WebSite","@id":"https:\/\/amamantra.com\/#website","url":"https:\/\/amamantra.com\/","name":"Amamantra","description":"V\u00eatements de confort pour mamans allaitantes","publisher":{"@id":"https:\/\/amamantra.com\/#organization"},"potentialAction":[{"@type":"SearchAction","target":{"@type":"EntryPoint","urlTemplate":"https:\/\/amamantra.com\/?s={search_term_string}"},"query-input":"required name=search_term_string"}],"inLanguage":"fr-FR"},{"@type":"Organization","@id":"https:\/\/amamantra.com\/#organization","name":"Amamantra","url":"https:\/\/amamantra.com\/","logo":{"@type":"ImageObject","inLanguage":"fr-FR","@id":"https:\/\/amamantra.com\/#\/schema\/logo\/image\/","url":"https:\/\/amamantra.com\/wp-content\/uploads\/2021\/04\/logo-amamantra.jpg","contentUrl":"https:\/\/amamantra.com\/wp-content\/uploads\/2021\/04\/logo-amamantra.jpg","width":313,"height":79,"caption":"Amamantra"},"image":{"@id":"https:\/\/amamantra.com\/#\/schema\/logo\/image\/"}}]}},"lang":"fr","translations":{"fr":57},"pll_sync_post":[],"_links":{"self":[{"href":"https:\/\/amamantra.com\/wp-json\/wp\/v2\/pages\/57"}],"collection":[{"href":"https:\/\/amamantra.com\/wp-json\/wp\/v2\/pages"}],"about":[{"href":"https:\/\/amamantra.com\/wp-json\/wp\/v2\/types\/page"}],"author":[{"embeddable":true,"href":"https:\/\/amamantra.com\/wp-json\/wp\/v2\/users\/1"}],"replies":[{"embeddable":true,"href":"https:\/\/amamantra.com\/wp-json\/wp\/v2\/comments?post=57"}],"version-history":[{"count":0,"href":"https:\/\/amamantra.com\/wp-json\/wp\/v2\/pages\/57\/revisions"}],"up":[{"embeddable":true,"href":"https:\/\/amamantra.com\/wp-json\/wp\/v2\/pages\/401"}],"wp:attachment":[{"href":"https:\/\/amamantra.com\/wp-json\/wp\/v2\/media?parent=57"}],"curies":[{"name":"wp","href":"https:\/\/api.w.org\/{rel}","templated":true}]}}

<h2>Je suis Pauline, la fondatrice de la marque.</h2>
<p>&nbsp;</p>
<p>Je suis femme, compagne, entrepreneuse, maman trois jeunes enfants et allaitante.</p>
<p>J&#8217;ai 30 ans, je suis Franco-colombienne, née à Bogota en Colombie et adoptée, vous comprendrez donc mon attachement pour la Colombie et l&#8217;Amérique Latine en général. Je suis passionnée par l&#8217;allaitement et plus largement par la maternité disons même la périnatalité; d&#8217;où mon idée de développer la fonctionnalité d&#8217;un <strong>vêtement d&#8217;allaitement</strong>. J&#8217;ai créé et me passionne pour cette marque qui me tient beaucoup à coeur. J&#8217;espère que vous retrouverez un peu de mon amour dans chacun des vêtements Amamantra.</p>
	<p><img loading="lazy" decoding="async" src="https://amamantra.com/wp-content/uploads/2021/04/feuille.svg" alt="" width="30" height="44" /></p>
				<img loading="lazy" decoding="async" src="https://amamantra.com/wp-content/uploads/2021/04/pauline-babilotte.jpg" alt="pauline-babilotte" itemprop="image" height="481" width="754" title="pauline-babilotte" onerror="this.style.display='none'"  />
	<h2>L&#8217;origine d&#8217;amamantra</h2>
<p>&nbsp;</p>
<strong>Amamantar signifie allaiter espagnol,</strong><br />
Il y avait le mot « <strong>maman</strong> » qui forcément était en lien direct avec la marque puisque mon produit leurs est destiné.<br />
Mon frère Luis qui est mon graphiste et m&#8217;a beaucoup épaulée sur ce projet, s&#8217;est trompé sur l&#8217;écriture du nom sur l&#8217;un de ses croquis, au début de l&#8217;aventure. Le nom était plus doux, plus facilement prononçable.
<p>&nbsp;</p>
<p><strong>Mantra</strong> c&#8217;est « formule sacrée dotée d&#8217;un pouvoir spirituel ».</p>
<strong>Ama</strong> = Aime + <strong>Amamantar</strong> = Allaiter  +  <strong>Maman </strong> +  <strong>Mantra<br />
</strong><br />
Ce nom peut se découper de bien des manières et c&#8217;est un mélange qui sonne juste.
				<img loading="lazy" decoding="async" src="https://amamantra.com/wp-content/uploads/2021/04/Logo-Picto.svg" alt="Logo - Picto" itemprop="image" height="123" width="61" title="Logo - Picto" onerror="this.style.display='none'"  />

<p>Je suis Pauline, la fondatrice de la marque. &nbsp; Je suis femme, compagne, entrepreneuse, maman trois jeunes enfants et allaitante. J&#8217;ai 30 ans, je suis Franco-colombienne, née à Bogota en Colombie et adoptée, vous comprendrez donc mon attachement pour la Colombie et l&#8217;Amérique Latine en général. Je suis passionnée par l&#8217;allaitement et plus largement par [&hellip;]</p>

<!-- This site is optimized with the Yoast SEO plugin v22.4 - https://yoast.com/wordpress/plugins/seo/ -->
<title>L&#039;histoire d&#039;Amamantra par une maman allaitante</title>
<meta name="description" content="Amamantra est le constat que l’allaitement a besoin d&#039;un vêtement innovant; d’où mon idée de développer cette marque éco-responsable" />
<meta name="robots" content="index, follow, max-snippet:-1, max-image-preview:large, max-video-preview:-1" />
<link rel="canonical" href="https://amamantra.com/vetement-femme-allaitante/amamantra-pour-mamans/" />
<meta property="og:locale" content="fr_FR" />
<meta property="og:type" content="article" />
<meta property="og:title" content="L&#039;histoire d&#039;Amamantra par une maman allaitante" />
<meta property="og:description" content="Amamantra est le constat que l’allaitement a besoin d&#039;un vêtement innovant; d’où mon idée de développer cette marque éco-responsable" />
<meta property="og:url" content="https://amamantra.com/vetement-femme-allaitante/amamantra-pour-mamans/" />
<meta property="og:site_name" content="Amamantra" />
<meta property="article:modified_time" content="2023-03-06T21:40:43+00:00" />
<meta property="og:image" content="https://amamantra.com/wp-content/uploads/2021/04/feuille.svg" />
<meta name="twitter:card" content="summary_large_image" />
<meta name="twitter:label1" content="Durée de lecture estimée" />
	<meta name="twitter:data1" content="1 minute" />
<script type="application/ld+json" class="yoast-schema-graph">{"@context":"https://schema.org","@graph":[{"@type":"WebPage","@id":"https://amamantra.com/vetement-femme-allaitante/amamantra-pour-mamans/","url":"https://amamantra.com/vetement-femme-allaitante/amamantra-pour-mamans/","name":"L'histoire d'Amamantra par une maman allaitante","isPartOf":{"@id":"https://amamantra.com/#website"},"primaryImageOfPage":{"@id":"https://amamantra.com/vetement-femme-allaitante/amamantra-pour-mamans/#primaryimage"},"image":{"@id":"https://amamantra.com/vetement-femme-allaitante/amamantra-pour-mamans/#primaryimage"},"thumbnailUrl":"https://amamantra.com/wp-content/uploads/2021/04/feuille.svg","datePublished":"2021-04-09T08:24:06+00:00","dateModified":"2023-03-06T21:40:43+00:00","description":"Amamantra est le constat que l’allaitement a besoin d'un vêtement innovant; d’où mon idée de développer cette marque éco-responsable","breadcrumb":{"@id":"https://amamantra.com/vetement-femme-allaitante/amamantra-pour-mamans/#breadcrumb"},"inLanguage":"fr-FR","potentialAction":[{"@type":"ReadAction","target":["https://amamantra.com/vetement-femme-allaitante/amamantra-pour-mamans/"]}]},{"@type":"ImageObject","inLanguage":"fr-FR","@id":"https://amamantra.com/vetement-femme-allaitante/amamantra-pour-mamans/#primaryimage","url":"https://amamantra.com/wp-content/uploads/2021/04/feuille.svg","contentUrl":"https://amamantra.com/wp-content/uploads/2021/04/feuille.svg","width":30,"height":44},{"@type":"BreadcrumbList","@id":"https://amamantra.com/vetement-femme-allaitante/amamantra-pour-mamans/#breadcrumb","itemListElement":[{"@type":"ListItem","position":1,"name":"Accueil","item":"https://amamantra.com/"},{"@type":"ListItem","position":2,"name":"La marque","item":"https://amamantra.com/vetement-femme-allaitante/"},{"@type":"ListItem","position":3,"name":"Amamantra c’est…"}]},{"@type":"WebSite","@id":"https://amamantra.com/#website","url":"https://amamantra.com/","name":"Amamantra","description":"Vêtements de confort pour mamans allaitantes","publisher":{"@id":"https://amamantra.com/#organization"},"potentialAction":[{"@type":"SearchAction","target":{"@type":"EntryPoint","urlTemplate":"https://amamantra.com/?s={search_term_string}"},"query-input":"required name=search_term_string"}],"inLanguage":"fr-FR"},{"@type":"Organization","@id":"https://amamantra.com/#organization","name":"Amamantra","url":"https://amamantra.com/","logo":{"@type":"ImageObject","inLanguage":"fr-FR","@id":"https://amamantra.com/#/schema/logo/image/","url":"https://amamantra.com/wp-content/uploads/2021/04/logo-amamantra.jpg","contentUrl":"https://amamantra.com/wp-content/uploads/2021/04/logo-amamantra.jpg","width":313,"height":79,"caption":"Amamantra"},"image":{"@id":"https://amamantra.com/#/schema/logo/image/"}}]}</script>
<!-- / Yoast SEO plugin. -->

Amamantra est le constat que l’allaitement a besoin d'un vêtement innovant; d’où mon idée de développer cette marque éco-responsable

Vêtements de confort pour mamans allaitantes
