{"id":1337,"date":"2022-08-26T21:00:06","date_gmt":"2022-08-26T19:00:06","guid":{"rendered":"https:\/\/amamantra.com\/?post_type=product&#038;p=1337"},"modified":"2023-04-03T20:34:31","modified_gmt":"2023-04-03T18:34:31","slug":"carte-la-mere-encree-x-amamantra","status":"publish","type":"product","link":"https:\/\/amamantra.com\/produit\/carte-la-mere-encree-x-amamantra\/","title":{"rendered":"Carte La M\u00e8re Encr\u00e9e x Amamantra"},"content":{"rendered":"<p><strong>Savoir-faire :<\/strong><\/p>\n<p>Les illustrations par la talentueuse Louise alias La M\u00e8re Encr\u00e9e.<\/p>\n<p><strong>Format :<\/strong><br \/>\nCarte A5<\/p>\n","protected":false},"excerpt":{"rendered":"<p><strong>Carte illustr\u00e9e <em>&#8220;Amor y Leche&#8221;<\/em> par La M\u00e8re Encr\u00e9e<\/strong><\/p>\n<p>Papier Woodstock Betulla \/\u00a0260g<\/p>\n","protected":false},"featured_media":1318,"template":"","meta":{"_acf_changed":false,"inline_featured_image":false},"product_cat":[71,53],"product_tag":[],"acf":[],"yoast_head":"<!-- This site is optimized with the Yoast SEO plugin v22.4 - https:\/\/yoast.com\/wordpress\/plugins\/seo\/ -->\n<title>Carte La M\u00e8re Encr\u00e9e x Amamantra - Amamantra<\/title>\n<meta name=\"description\" content=\"Carte format A5 illustr\u00e9e par la M\u00e8re encr\u00e9e pour Amamantra\" \/>\n<meta name=\"robots\" content=\"index, follow, max-snippet:-1, max-image-preview:large, max-video-preview:-1\" \/>\n<link rel=\"canonical\" href=\"https:\/\/amamantra.com\/produit\/carte-la-mere-encree-x-amamantra\/\" \/>\n<meta property=\"og:locale\" content=\"fr_FR\" \/>\n<meta property=\"og:type\" content=\"article\" \/>\n<meta property=\"og:title\" content=\"Carte La M\u00e8re Encr\u00e9e x Amamantra - Amamantra\" \/>\n<meta property=\"og:description\" content=\"Carte format A5 illustr\u00e9e par la M\u00e8re encr\u00e9e pour Amamantra\" \/>\n<meta property=\"og:url\" content=\"https:\/\/amamantra.com\/produit\/carte-la-mere-encree-x-amamantra\/\" \/>\n<meta property=\"og:site_name\" content=\"Amamantra\" \/>\n<meta property=\"article:modified_time\" content=\"2023-04-03T18:34:31+00:00\" \/>\n<meta property=\"og:image\" content=\"https:\/\/amamantra.com\/wp-content\/uploads\/2022\/08\/IMG_20220824_131518-scaled.jpg\" \/>\n\t<meta property=\"og:image:width\" content=\"1917\" \/>\n\t<meta property=\"og:image:height\" content=\"2560\" \/>\n\t<meta property=\"og:image:type\" content=\"image\/jpeg\" \/>\n<meta name=\"twitter:card\" content=\"summary_large_image\" \/>\n<meta name=\"twitter:label1\" content=\"Dur\u00e9e de lecture estim\u00e9e\" \/>\n\t<meta name=\"twitter:data1\" content=\"1 minute\" \/>\n<script type=\"application\/ld+json\" class=\"yoast-schema-graph\">{\"@context\":\"https:\/\/schema.org\",\"@graph\":[{\"@type\":\"WebPage\",\"@id\":\"https:\/\/amamantra.com\/produit\/carte-la-mere-encree-x-amamantra\/\",\"url\":\"https:\/\/amamantra.com\/produit\/carte-la-mere-encree-x-amamantra\/\",\"name\":\"Carte La M\u00e8re Encr\u00e9e x Amamantra - Amamantra\",\"isPartOf\":{\"@id\":\"https:\/\/amamantra.com\/#website\"},\"primaryImageOfPage\":{\"@id\":\"https:\/\/amamantra.com\/produit\/carte-la-mere-encree-x-amamantra\/#primaryimage\"},\"image\":{\"@id\":\"https:\/\/amamantra.com\/produit\/carte-la-mere-encree-x-amamantra\/#primaryimage\"},\"thumbnailUrl\":\"https:\/\/amamantra.com\/wp-content\/uploads\/2022\/08\/IMG_20220824_131518-scaled.jpg\",\"datePublished\":\"2022-08-26T19:00:06+00:00\",\"dateModified\":\"2023-04-03T18:34:31+00:00\",\"description\":\"Carte format A5 illustr\u00e9e par la M\u00e8re encr\u00e9e pour Amamantra\",\"breadcrumb\":{\"@id\":\"https:\/\/amamantra.com\/produit\/carte-la-mere-encree-x-amamantra\/#breadcrumb\"},\"inLanguage\":\"fr-FR\",\"potentialAction\":[{\"@type\":\"ReadAction\",\"target\":[\"https:\/\/amamantra.com\/produit\/carte-la-mere-encree-x-amamantra\/\"]}]},{\"@type\":\"ImageObject\",\"inLanguage\":\"fr-FR\",\"@id\":\"https:\/\/amamantra.com\/produit\/carte-la-mere-encree-x-amamantra\/#primaryimage\",\"url\":\"https:\/\/amamantra.com\/wp-content\/uploads\/2022\/08\/IMG_20220824_131518-scaled.jpg\",\"contentUrl\":\"https:\/\/amamantra.com\/wp-content\/uploads\/2022\/08\/IMG_20220824_131518-scaled.jpg\",\"width\":1917,\"height\":2560},{\"@type\":\"BreadcrumbList\",\"@id\":\"https:\/\/amamantra.com\/produit\/carte-la-mere-encree-x-amamantra\/#breadcrumb\",\"itemListElement\":[{\"@type\":\"ListItem\",\"position\":1,\"name\":\"Accueil\",\"item\":\"https:\/\/amamantra.com\/\"},{\"@type\":\"ListItem\",\"position\":2,\"name\":\"Shop\",\"item\":\"https:\/\/amamantra.com\/le-shop\/\"},{\"@type\":\"ListItem\",\"position\":3,\"name\":\"Carte La M\u00e8re Encr\u00e9e x Amamantra\"}]},{\"@type\":\"WebSite\",\"@id\":\"https:\/\/amamantra.com\/#website\",\"url\":\"https:\/\/amamantra.com\/\",\"name\":\"Amamantra\",\"description\":\"V\u00eatements de confort pour mamans allaitantes\",\"publisher\":{\"@id\":\"https:\/\/amamantra.com\/#organization\"},\"potentialAction\":[{\"@type\":\"SearchAction\",\"target\":{\"@type\":\"EntryPoint\",\"urlTemplate\":\"https:\/\/amamantra.com\/?s={search_term_string}\"},\"query-input\":\"required name=search_term_string\"}],\"inLanguage\":\"fr-FR\"},{\"@type\":\"Organization\",\"@id\":\"https:\/\/amamantra.com\/#organization\",\"name\":\"Amamantra\",\"url\":\"https:\/\/amamantra.com\/\",\"logo\":{\"@type\":\"ImageObject\",\"inLanguage\":\"fr-FR\",\"@id\":\"https:\/\/amamantra.com\/#\/schema\/logo\/image\/\",\"url\":\"https:\/\/amamantra.com\/wp-content\/uploads\/2021\/04\/logo-amamantra.jpg\",\"contentUrl\":\"https:\/\/amamantra.com\/wp-content\/uploads\/2021\/04\/logo-amamantra.jpg\",\"width\":313,\"height\":79,\"caption\":\"Amamantra\"},\"image\":{\"@id\":\"https:\/\/amamantra.com\/#\/schema\/logo\/image\/\"}}]}<\/script>\n<!-- \/ Yoast SEO plugin. -->","yoast_head_json":{"title":"Carte La M\u00e8re Encr\u00e9e x Amamantra - Amamantra","description":"Carte format A5 illustr\u00e9e par la M\u00e8re encr\u00e9e pour Amamantra","robots":{"index":"index","follow":"follow","max-snippet":"max-snippet:-1","max-image-preview":"max-image-preview:large","max-video-preview":"max-video-preview:-1"},"canonical":"https:\/\/amamantra.com\/produit\/carte-la-mere-encree-x-amamantra\/","og_locale":"fr_FR","og_type":"article","og_title":"Carte La M\u00e8re Encr\u00e9e x Amamantra - Amamantra","og_description":"Carte format A5 illustr\u00e9e par la M\u00e8re encr\u00e9e pour Amamantra","og_url":"https:\/\/amamantra.com\/produit\/carte-la-mere-encree-x-amamantra\/","og_site_name":"Amamantra","article_modified_time":"2023-04-03T18:34:31+00:00","og_image":[{"width":1917,"height":2560,"url":"https:\/\/amamantra.com\/wp-content\/uploads\/2022\/08\/IMG_20220824_131518-scaled.jpg","type":"image\/jpeg"}],"twitter_card":"summary_large_image","twitter_misc":{"Dur\u00e9e de lecture estim\u00e9e":"1 minute"},"schema":{"@context":"https:\/\/schema.org","@graph":[{"@type":"WebPage","@id":"https:\/\/amamantra.com\/produit\/carte-la-mere-encree-x-amamantra\/","url":"https:\/\/amamantra.com\/produit\/carte-la-mere-encree-x-amamantra\/","name":"Carte La M\u00e8re Encr\u00e9e x Amamantra - Amamantra","isPartOf":{"@id":"https:\/\/amamantra.com\/#website"},"primaryImageOfPage":{"@id":"https:\/\/amamantra.com\/produit\/carte-la-mere-encree-x-amamantra\/#primaryimage"},"image":{"@id":"https:\/\/amamantra.com\/produit\/carte-la-mere-encree-x-amamantra\/#primaryimage"},"thumbnailUrl":"https:\/\/amamantra.com\/wp-content\/uploads\/2022\/08\/IMG_20220824_131518-scaled.jpg","datePublished":"2022-08-26T19:00:06+00:00","dateModified":"2023-04-03T18:34:31+00:00","description":"Carte format A5 illustr\u00e9e par la M\u00e8re encr\u00e9e pour Amamantra","breadcrumb":{"@id":"https:\/\/amamantra.com\/produit\/carte-la-mere-encree-x-amamantra\/#breadcrumb"},"inLanguage":"fr-FR","potentialAction":[{"@type":"ReadAction","target":["https:\/\/amamantra.com\/produit\/carte-la-mere-encree-x-amamantra\/"]}]},{"@type":"ImageObject","inLanguage":"fr-FR","@id":"https:\/\/amamantra.com\/produit\/carte-la-mere-encree-x-amamantra\/#primaryimage","url":"https:\/\/amamantra.com\/wp-content\/uploads\/2022\/08\/IMG_20220824_131518-scaled.jpg","contentUrl":"https:\/\/amamantra.com\/wp-content\/uploads\/2022\/08\/IMG_20220824_131518-scaled.jpg","width":1917,"height":2560},{"@type":"BreadcrumbList","@id":"https:\/\/amamantra.com\/produit\/carte-la-mere-encree-x-amamantra\/#breadcrumb","itemListElement":[{"@type":"ListItem","position":1,"name":"Accueil","item":"https:\/\/amamantra.com\/"},{"@type":"ListItem","position":2,"name":"Shop","item":"https:\/\/amamantra.com\/le-shop\/"},{"@type":"ListItem","position":3,"name":"Carte La M\u00e8re Encr\u00e9e x Amamantra"}]},{"@type":"WebSite","@id":"https:\/\/amamantra.com\/#website","url":"https:\/\/amamantra.com\/","name":"Amamantra","description":"V\u00eatements de confort pour mamans allaitantes","publisher":{"@id":"https:\/\/amamantra.com\/#organization"},"potentialAction":[{"@type":"SearchAction","target":{"@type":"EntryPoint","urlTemplate":"https:\/\/amamantra.com\/?s={search_term_string}"},"query-input":"required name=search_term_string"}],"inLanguage":"fr-FR"},{"@type":"Organization","@id":"https:\/\/amamantra.com\/#organization","name":"Amamantra","url":"https:\/\/amamantra.com\/","logo":{"@type":"ImageObject","inLanguage":"fr-FR","@id":"https:\/\/amamantra.com\/#\/schema\/logo\/image\/","url":"https:\/\/amamantra.com\/wp-content\/uploads\/2021\/04\/logo-amamantra.jpg","contentUrl":"https:\/\/amamantra.com\/wp-content\/uploads\/2021\/04\/logo-amamantra.jpg","width":313,"height":79,"caption":"Amamantra"},"image":{"@id":"https:\/\/amamantra.com\/#\/schema\/logo\/image\/"}}]}},"lang":"fr","translations":{"fr":1337},"pll_sync_post":[],"_links":{"self":[{"href":"https:\/\/amamantra.com\/wp-json\/wp\/v2\/product\/1337"}],"collection":[{"href":"https:\/\/amamantra.com\/wp-json\/wp\/v2\/product"}],"about":[{"href":"https:\/\/amamantra.com\/wp-json\/wp\/v2\/types\/product"}],"wp:featuredmedia":[{"embeddable":true,"href":"https:\/\/amamantra.com\/wp-json\/wp\/v2\/media\/1318"}],"wp:attachment":[{"href":"https:\/\/amamantra.com\/wp-json\/wp\/v2\/media?parent=1337"}],"wp:term":[{"taxonomy":"product_cat","embeddable":true,"href":"https:\/\/amamantra.com\/wp-json\/wp\/v2\/product_cat?post=1337"},{"taxonomy":"product_tag","embeddable":true,"href":"https:\/\/amamantra.com\/wp-json\/wp\/v2\/product_tag?post=1337"}],"curies":[{"name":"wp","href":"https:\/\/api.w.org\/{rel}","templated":true}]}}